{"id":208,"date":"2020-06-29T08:43:21","date_gmt":"2020-06-29T08:43:21","guid":{"rendered":"http:\/\/entwicklung.agvb.de\/?page_id=208"},"modified":"2020-12-03T11:15:44","modified_gmt":"2020-12-03T09:15:44","slug":"sucht-im-alter","status":"publish","type":"page","link":"https:\/\/entwicklung.agvb.de\/?page_id=208","title":{"rendered":"Sucht im Alter"},"content":{"rendered":"<aside><details>\r\n<summary><span style=\"font-size: 26px; font-weight: bolder;\">Allgemeine Informationen<\/span><\/summary>\r\n<ul>\r\n<li><a href=\"https:\/\/www.dhs.de\/fileadmin\/user_upload\/pdf\/Broschueren\/2017_Suchtprobleme_im_Alter.pdf\" target=\"_blank\" rel=\"noreferrer noopener\">DHS &#8211; Suchtprobleme im Alter<\/a><\/li>\r\n<li><a href=\"http:\/\/www.alter-sucht-pflege.de\/\" target=\"_blank\" rel=\"noreferrer noopener\">Bundesministerium f\u00fcr Gesundheit &#8211; Sucht im Alter<\/a><\/li>\r\n<li><a href=\"https:\/\/www.dhs.de\/fileadmin\/user_upload\/pdf\/Broschueren\/Unabhaengig_im_Alter_Informationen_Altenpflege.pdf\" target=\"_blank\" rel=\"noreferrer noopener\">DHS &#8211; Alkohol, Medikamente, Tabak: Informationen f\u00fcr die Altenpflege<\/a><\/li>\r\n<li><a href=\"https:\/\/www.suchtinfo-oberpfalz.de\/\" target=\"_blank\" rel=\"noreferrer noopener\">Informationen zur Sucht<\/a><\/li>\r\n<li><a href=\"http:\/\/www.unabhaengig-im-alter.de\/\" target=\"_blank\" rel=\"noreferrer noopener\">Unabh\u00e4ngig im Alter<\/a><\/li>\r\n<li><a href=\"http:\/\/www.dhs.de\/index.html\" target=\"_blank\" rel=\"noreferrer noopener\">Deutsche Hauptstelle f\u00fcr Suchtfragen e.V. (DHS)<\/a><\/li>\r\n<li><a href=\"http:\/\/www.geronet.de\/files\/sucht-im-alter.pdf\" target=\"_blank\" rel=\"noreferrer noopener\">geronet.de &#8211; Sucht im Alter<\/a><\/li>\r\n<li><a href=\"http:\/\/www.bzga.de\/\" target=\"_blank\" rel=\"noreferrer noopener\">BZgA (Bundeszentrale f\u00fcr gesundheitliche Aufkl\u00e4rung)<\/a><\/li>\r\n<li><a href=\"http:\/\/www.mindzone.info\/aktuelles\/\" target=\"_blank\" rel=\"noreferrer noopener\">Infos \u00fcber Drogen von Mindzone<\/a><\/li>\r\n<li><a href=\"http:\/\/www.drugcom.de\/drogenlexikon\/\" target=\"_blank\" rel=\"noreferrer noopener\">Drogenlexikon von Drugcom<\/a><\/li>\r\n<li><a href=\"http:\/\/www.ginko-stiftung.de\/default.aspx\" target=\"_blank\" rel=\"noreferrer noopener\">Landeskoordinierungsstelle f\u00fcr Suchtvorbeugung in NRW<\/a><\/li>\r\n<li><a href=\"http:\/\/www.caritas-regensburg.de\/sucht-im-alter\" target=\"_blank\" rel=\"noreferrer noopener\">Suchthilfe im\u00a0Alter\u00a0<\/a><\/li>\r\n<li><a href=\"http:\/\/www.berlin-suchtpraevention.de\/bestellportal\/infoblaetter-und-broschueren\/suchtsensible-pflege\/\" target=\"_blank\" rel=\"noreferrer noopener\">Brosch\u00fcre &#8222;Suchtsensible Pflege &#8211; Motivierende Kurzintervention in der Altenpflege&#8220;<\/a><\/li>\r\n<li><a href=\"http:\/\/www.sucht.org\/fileadmin\/user_upload\/Service\/Themen\/Sucht_und_Alter\/teilhabe_sucht_web.pdf\" target=\"_blank\" rel=\"noreferrer noopener\">GVS-Handlungsorientierung &#8222;Teilhabe \u00e4lterer suchtkranker Menschen&#8220;<\/a><\/li>\r\n<li><a href=\"http:\/\/www.alter-sucht-pflege.de\/Handlungsempfehlungen\/Download\/Biografiebogen.pdf\" target=\"_blank\" rel=\"noreferrer noopener\">Biografiebogen &#8222;Welche Rolle spielt der Alkohol in meinem Leben&#8220;<\/a><\/li>\r\n<li><a href=\"https:\/\/www.psychenet.de\/de\/psychische-gesundheit\/informationen\/magersucht.html\" target=\"_blank\" rel=\"noreferrer noopener\">Informationen zu Magersucht von Psychnet<\/a><\/li>\r\n<li><a href=\"https:\/\/www.psychenet.de\/de\/psychische-gesundheit\/informationen\/bulimie.html\" target=\"_blank\" rel=\"noreferrer noopener\">Informationen zu Bulimie von Psychnet<\/a><\/li>\r\n<li><a href=\"https:\/\/www.psychenet.de\/de\/selbsttests\/trinkgewohnheiten.html\" target=\"_blank\" rel=\"noreferrer noopener\">Selbsttest Trinkgewohnheiten (Alkohol)<\/a><\/li>\r\n<li><a href=\"https:\/\/www.ift.de\/\" target=\"_blank\" rel=\"noreferrer noopener\">IFT Institut f\u00fcr Therapieforschung<\/a><\/li>\r\n<li><a href=\"https:\/\/www.stiftung-gesundheitswissen.de\/wissen\/rauchentwoehnung\/hintergrund\" target=\"_blank\" rel=\"noopener noreferrer\">Rauchentw\u00f6hnung &#8211; Stiftung Gesundheitswissen<\/a><\/li>\r\n<li><a href=\"https:\/\/www.blaues-kreuz.de\/de\/wege-aus-der-sucht\/\" target=\"_blank\" rel=\"noopener noreferrer\">Blaues Kreuze &#8211; Wege aus der Sucht<\/a><\/li>\r\n<li><a href=\"https:\/\/www.zpg-bayern.de\/suchtpraevention-in-bayern.html\" target=\"_blank\" rel=\"noopener noreferrer\">ZGP &#8211; Suchtpr\u00e4vention in Bayern<\/a><\/li>\r\n<li><a href=\"https:\/\/www.stadtmission-nuernberg.de\/ich-brauche-hilfe\/gesundheit\/sucht\/suchthilfezentrum\/sucht-im-alter\/\" target=\"_blank\" rel=\"noopener noreferrer\">SAM N\u00fcrnberg<\/a><\/li>\r\n<li><a href=\"https:\/\/www.kreuzbund.de\/de\/\" target=\"_blank\" rel=\"noopener noreferrer\">Kreuzbund e.V. &#8211; Sucht-Selbsthilfegruppen<\/a><\/li>\r\n<li><a href=\"https:\/\/www.anonyme-alkoholiker.de\/\" target=\"_blank\" rel=\"noopener noreferrer\">Anonyme Alkoholiker Interessengemeinschaft e.V.<\/a><\/li>\r\n<li><a href=\"https:\/\/www.ndr.de\/ratgeber\/gesundheit\/Ignorierte-Sucht-Alkohol-im-Alter,sucht192.html\" target=\"_blank\" rel=\"noopener noreferrer\">Ignorierte Sucht: Alkohol im Alter<\/a><\/li>\r\n<li><a href=\"https:\/\/www.abda.de\/themen\/versorgungsfragen\/medikamentenmissbrauch\/\" target=\"_blank\" rel=\"noopener noreferrer\">BAK &#8211;\u00a0 Arzneimittelmissbrauch-Leitfaden f\u00fcr Apotheken<\/a><\/li>\r\n<li><a href=\"https:\/\/www.wipig.de\/materialien\/projekte-downloads\/item\/alkohol-2\" target=\"_blank\" rel=\"noopener noreferrer\">WIPIG-Materialien zu \u201eAlkohol und Medikamente im Blick\u201c<\/a><\/li>\r\n<li><a href=\"https:\/\/www.kenn-dein-limit.de\/alkohol\/im-alter\/\" target=\"_blank\" rel=\"noopener noreferrer\">Informationen zu riskantem Konsum im Alter<\/a><\/li>\r\n<li><a href=\"https:\/\/www.kenn-dein-limit.de\/aktuelles\/artikel\/alkoholkonsum-im-alter\/\" target=\"_blank\" rel=\"noopener noreferrer\">Alkoholkonsum im Alter \u2013 BZgA-Kenn Dein Limit<\/a><\/li>\r\n<li><a href=\"https:\/\/www.bas-muenchen.de\/publikationen.html\" target=\"_blank\" rel=\"noopener noreferrer\">Publikationen der Bayerische Akademie f\u00fcr Sucht- und Gesundheitsfragen (BAS)<\/a><\/li>\r\n<li><a href=\"https:\/\/www.lsgbayern.de\/\" target=\"_blank\" rel=\"noopener noreferrer\">Landesstelle Gl\u00fcckspielsucht in Bayern<\/a><\/li>\r\n<\/ul>\r\n<\/details><\/aside>\r\n\r\n<p>&nbsp;<\/p>\r\n","protected":false},"excerpt":{"rendered":"<p>Allgemeine Informationen DHS &#8211; Suchtprobleme im Alter Bundesministerium f\u00fcr Gesundheit &#8211; Sucht im Alter DHS &#8211; Alkohol, Medikamente, Tabak: Informationen f\u00fcr die Altenpflege Informationen zur Sucht Unabh\u00e4ngig im Alter Deutsche [&hellip;]<\/p>\n","protected":false},"author":1,"featured_media":0,"parent":0,"menu_order":0,"comment_status":"closed","ping_status":"closed","template":"","meta":[],"yoast_head":"<!-- This site is optimized with the Yoast SEO plugin v14.5 - https:\/\/yoast.com\/wordpress\/plugins\/seo\/ -->\n<title>Sucht im Alter - AGVB<\/title>\n<meta name=\"robots\" content=\"index, follow\" \/>\n<meta name=\"googlebot\" content=\"index, follow, max-snippet:-1, max-image-preview:large, max-video-preview:-1\" \/>\n<meta name=\"bingbot\" content=\"index, follow, max-snippet:-1, max-image-preview:large, max-video-preview:-1\" \/>\n<link rel=\"canonical\" href=\"https:\/\/entwicklung.agvb.de\/?page_id=208\" \/>\n<meta property=\"og:locale\" content=\"de_DE\" \/>\n<meta property=\"og:type\" content=\"article\" \/>\n<meta property=\"og:title\" content=\"Sucht im Alter - AGVB\" \/>\n<meta property=\"og:description\" content=\"Allgemeine Informationen DHS &#8211; Suchtprobleme im Alter Bundesministerium f\u00fcr Gesundheit &#8211; Sucht im Alter DHS &#8211; Alkohol, Medikamente, Tabak: Informationen f\u00fcr die Altenpflege Informationen zur Sucht Unabh\u00e4ngig im Alter Deutsche [&hellip;]\" \/>\n<meta property=\"og:url\" content=\"https:\/\/entwicklung.agvb.de\/?page_id=208\" \/>\n<meta property=\"og:site_name\" content=\"AGVB\" \/>\n<meta property=\"article:modified_time\" content=\"2020-12-03T09:15:44+00:00\" \/>\n<meta name=\"twitter:card\" content=\"summary_large_image\" \/>\n<script type=\"application\/ld+json\" class=\"yoast-schema-graph\">{\"@context\":\"https:\/\/schema.org\",\"@graph\":[{\"@type\":\"WebSite\",\"@id\":\"https:\/\/entwicklung.agvb.de\/#website\",\"url\":\"https:\/\/entwicklung.agvb.de\/\",\"name\":\"AGVB\",\"description\":\"\",\"potentialAction\":[{\"@type\":\"SearchAction\",\"target\":\"https:\/\/entwicklung.agvb.de\/?s={search_term_string}\",\"query-input\":\"required name=search_term_string\"}],\"inLanguage\":\"de\"},{\"@type\":\"WebPage\",\"@id\":\"https:\/\/entwicklung.agvb.de\/?page_id=208#webpage\",\"url\":\"https:\/\/entwicklung.agvb.de\/?page_id=208\",\"name\":\"Sucht im Alter - AGVB\",\"isPartOf\":{\"@id\":\"https:\/\/entwicklung.agvb.de\/#website\"},\"datePublished\":\"2020-06-29T08:43:21+00:00\",\"dateModified\":\"2020-12-03T09:15:44+00:00\",\"inLanguage\":\"de\",\"potentialAction\":[{\"@type\":\"ReadAction\",\"target\":[\"https:\/\/entwicklung.agvb.de\/?page_id=208\"]}]}]}<\/script>\n<!-- \/ Yoast SEO plugin. -->","_links":{"self":[{"href":"https:\/\/entwicklung.agvb.de\/index.php?rest_route=\/wp\/v2\/pages\/208"}],"collection":[{"href":"https:\/\/entwicklung.agvb.de\/index.php?rest_route=\/wp\/v2\/pages"}],"about":[{"href":"https:\/\/entwicklung.agvb.de\/index.php?rest_route=\/wp\/v2\/types\/page"}],"author":[{"embeddable":true,"href":"https:\/\/entwicklung.agvb.de\/index.php?rest_route=\/wp\/v2\/users\/1"}],"replies":[{"embeddable":true,"href":"https:\/\/entwicklung.agvb.de\/index.php?rest_route=%2Fwp%2Fv2%2Fcomments&post=208"}],"version-history":[{"count":17,"href":"https:\/\/entwicklung.agvb.de\/index.php?rest_route=\/wp\/v2\/pages\/208\/revisions"}],"predecessor-version":[{"id":1837,"href":"https:\/\/entwicklung.agvb.de\/index.php?rest_route=\/wp\/v2\/pages\/208\/revisions\/1837"}],"wp:attachment":[{"href":"https:\/\/entwicklung.agvb.de\/index.php?rest_route=%2Fwp%2Fv2%2Fmedia&parent=208"}],"curies":[{"name":"wp","href":"https:\/\/api.w.org\/{rel}","templated":true}]}}