{"id":162,"date":"2020-06-29T07:51:48","date_gmt":"2020-06-29T07:51:48","guid":{"rendered":"http:\/\/entwicklung.agvb.de\/?page_id=162"},"modified":"2020-11-26T13:05:48","modified_gmt":"2020-11-26T11:05:48","slug":"behinderung","status":"publish","type":"page","link":"https:\/\/entwicklung.agvb.de\/?page_id=162","title":{"rendered":"Behinderung"},"content":{"rendered":"<aside><\/aside>\n<aside>\n<details>\n<summary><span style=\"font-size: 22px; font-weight: bolder;\">Allgemeine Informationen<\/span><\/summary>\n<ul>\n<li><a href=\"https:\/\/www.zbfs.bayern.de\/menschen-behinderung\/ausweis\/antrag\/\" target=\"_blank\" rel=\"noreferrer noopener\">ZBFS &#8211; Antrag auf Feststellung einer Behinderung<\/a><\/li>\n<li><a href=\"http:\/\/www.deutsche-rentenversicherung.de\/DRV\/DE\/Online-Dienste\/Formularsuche\/formularsuche_node.html?https=1\" target=\"_blank\" rel=\"noreferrer noopener\">Antr\u00e4ge der deutschen Rentenversicherung auf Erwerbsminderung<\/a><\/li>\n<li><a href=\"https:\/\/www.teilhabeberatung.de\/\" target=\"_blank\" rel=\"noreferrer noopener\">Erg\u00e4nzende unabh\u00e4ngige Teilhabeberatung (EUTB)<\/a><\/li>\n<li><a href=\"http:\/\/www.bmas.de\/SharedDocs\/Downloads\/DE\/PDF-Publikationen\/a812l-rat-geber-europa-barrierefrei.pdf?__blob=publicationFile\" target=\"_blank\" rel=\"noreferrer noopener\">Ratgeber f\u00fcr Menschen mit Behinderungen in der EU<\/a><\/li>\n<li><a href=\"http:\/\/www.bmas.de\/SharedDocs\/Downloads\/DE\/PDF-Publikationen\/a812l-rat-geber-europa-barrierefrei.pdf?__blob=publicationFile\" target=\"_blank\" rel=\"noreferrer noopener\">Leitfaden &#8222;Service f\u00fcr Kunden mit geistiger Behinderung&#8220;<\/a><\/li>\n<li><a href=\"https:\/\/www.deutsche-alzheimer.de\/index.php?id=747\" target=\"_blank\" rel=\"noreferrer noopener\">Tagungsdokumentation &#8222;Demenz und geistige Behinderung&#8220;<\/a><\/li>\n<li><a href=\"http:\/\/www.antidiskriminierungsstelle.de\/DE\/ThemenUndForschung\/Projekte\/Umfrage_Diskriminierung_in_Deutschland\/Umfrage_node.html\" target=\"_blank\" rel=\"noreferrer noopener\">Diskriminierungserfahrungen\u00a0in Deutschland<\/a><\/li>\n<li><a href=\"https:\/\/wheelmap.org\/map#\/?zoom=14\" target=\"_blank\" rel=\"noreferrer noopener\">Weelmap-Rollstuhlgerechte Orte finden<\/a><\/li>\n<li><a href=\"http:\/\/www.reisecheckliste.org\/menschen-mit-behinderung\/\" target=\"_blank\" rel=\"noreferrer noopener\">Reisecheckliste f\u00fcr Menschen mit Behinderung<\/a><\/li>\n<li><a href=\"https:\/\/usatipps.net\/usa-reise-menschen-mit-behinderung-rollstuhlfahrer\/\" target=\"_blank\" rel=\"noreferrer noopener\">USA-Urlaub f\u00fcr Menschen mit Behinderung und Rollstuhlfahrer<\/a><\/li>\n<li><a href=\"http:\/\/www.dgsgb.de\/\" target=\"_blank\" rel=\"noreferrer noopener\">DGSGB &#8211; Deutschen Gesellschaft f\u00fcr seelische Gesundheit bei Menschen mit geistiger Behinderung<\/a><\/li>\n<li><a href=\"https:\/\/www.caritas-gelsenkirchen.de\/beitraege\/neu-arbeitshilfe-demenz-und-geistige-behinderung\/690800\" target=\"_blank\" rel=\"noreferrer noopener\">Arbeitshilfe &#8211; Demenz und geistige Behinderung<\/a><\/li>\n<li><a href=\"https:\/\/www.iubh-fernstudium.de\/rund-ums-studium\/wissenswertes-rund-ums-studium\/studieren-mit-beeintraechtigung\/\" target=\"_blank\" rel=\"noreferrer noopener\">Studieren mit Beeintr\u00e4chtigung<\/a><\/li>\n<li><a href=\"https:\/\/www.lebenshilfe-bayern.de\/publikationen\/\" target=\"_blank\" rel=\"noreferrer noopener\">Publikationen der Lebenshilfe Bayern<\/a><\/li>\n<li><a href=\"https:\/\/www.lebenshilfe-bayern.de\/fileadmin\/user_upload\/09_publikationen\/fachpublikationen\/alte_menschen\/lhlvbayern_seidihraufdasaltervorbereitet_auflage1.pdf\" target=\"_blank\" rel=\"noreferrer noopener\">Seid Ihr auf das Alter vorbereitet!? &#8211; Lebenshilfe Bayern<\/a><\/li>\n<li><a href=\"http:\/\/p277706.mittwaldserver.info\/http:\/\/\">Publikationen der Lebenshilfe Niedersachsen<\/a><\/li>\n<li><a href=\"https:\/\/www.lebenshilfe-nds.de\/wData\/downloads\/publikationen\/Alte-Menschen-mit-Behinderung.pdf\" target=\"_blank\" rel=\"noreferrer noopener\">Alte Menschen mit geistiger Behinderung &#8211; Lebenshilfe Niedersachsen<\/a><\/li>\n<li><a href=\"https:\/\/www.lebenshilfe-nds.de\/wData\/downloads\/publikationen\/Teilhabe.pdf\" target=\"_blank\" rel=\"noreferrer noopener\">Teilhabeleistungen f\u00fcr alte Menschen mit geistiger Behinderung &#8211; Lebenshilfe Niedersachsen<\/a><\/li>\n<li><a href=\"https:\/\/www.vdk.de\/deutschland\/pages\/themen\/73503\/behindertenpolitik\" target=\"_blank\" rel=\"noopener noreferrer\">VdK \u2013 Behindertenpolitik<\/a><\/li>\n<li><a href=\"https:\/\/entwicklung.agvb.de\/wp-content\/uploads\/2020\/11\/Demenz-und-geistige-Behinderung-Eine-Arbeitshilfe.pdf\">Demenz und geistige Behinderung\u2013 Eine Arbeitshilfe<\/a><\/li>\n<\/ul>\n<\/details>\n<\/aside>\n<aside><\/aside>\n<aside>\n<details>\n<summary><span style=\"font-size: 22px; font-weight: bolder;\">Sehen<\/span><\/summary>\n<ul>\n<li><a href=\"https:\/\/www.woche-des-sehens.de\/\" target=\"_blank\" rel=\"noopener noreferrer\">Woche des Sehens &#8211; Blindheit verstehen und verh\u00fcten<\/a><\/li>\n<li><a href=\"https:\/\/www.gebaerdentelefon.de\/bmas\/\" target=\"_blank\" rel=\"noopener noreferrer\">Geb\u00e4rdentelefon der BMAS<\/a><\/li>\n<li><a href=\"https:\/\/www.pro-retina.de\/pressemitteilungen\/2019\/erstmalig-broschuere-66-tipps-fuer-menschen-mit-sehbehinderungen\" target=\"_blank\" rel=\"noreferrer noopener\">Pro Retina-Brosch\u00fcre &#8222;66 Tipps f\u00fcr Menschen mit Sehbehinderungen&#8220;<\/a><\/li>\n<li><a href=\"https:\/\/www.bbsb.org\/\" target=\"_blank\" rel=\"noreferrer noopener\">Bayerischer Blinden- und Sehbehindertenbund e.V. (BBSB)<\/a><\/li>\n<li><a href=\"https:\/\/www.dbsv.org\/eaa.html\" target=\"_blank\" rel=\"noopener noreferrer\">Deutscher Blinden- und Sehbehindertenverband e.V. &#8211; DBSV<\/a><\/li>\n<\/ul>\n<\/details>\n<\/aside>\n<aside><\/aside>\n<aside>\n<details>\n<summary><span style=\"font-size: 22px; font-weight: bolder;\">H\u00f6ren<\/span><\/summary>\n<ul>\n<li><a href=\"http:\/\/www.hoergeschaedigt.bistum-augsburg.de\/\" target=\"_blank\" rel=\"noreferrer noopener\">Katholische Behindertenseelsorge &#8211; Bereich H\u00f6rgesch\u00e4digte Meschen<\/a><\/li>\n<li><a href=\"https:\/\/www.schwerhoerigen-netz.de\/\" target=\"_blank\" rel=\"noreferrer noopener\">Deutscher Schwerh\u00f6rigenbund e.V.<\/a><\/li>\n<\/ul>\n<p><!-- \/wp:paragraph --><\/p>\n<\/details>\n<\/aside>\n","protected":false},"excerpt":{"rendered":"<p>Allgemeine Informationen ZBFS &#8211; Antrag auf Feststellung einer Behinderung Antr\u00e4ge der deutschen Rentenversicherung auf Erwerbsminderung Erg\u00e4nzende unabh\u00e4ngige Teilhabeberatung (EUTB) Ratgeber f\u00fcr Menschen mit Behinderungen in der EU Leitfaden &#8222;Service f\u00fcr [&hellip;]<\/p>\n","protected":false},"author":1,"featured_media":0,"parent":0,"menu_order":0,"comment_status":"closed","ping_status":"closed","template":"","meta":[],"yoast_head":"<!-- This site is optimized with the Yoast SEO plugin v14.5 - https:\/\/yoast.com\/wordpress\/plugins\/seo\/ -->\n<title>Behinderung - AGVB<\/title>\n<meta name=\"robots\" content=\"index, follow\" \/>\n<meta name=\"googlebot\" content=\"index, follow, max-snippet:-1, max-image-preview:large, max-video-preview:-1\" \/>\n<meta name=\"bingbot\" content=\"index, follow, max-snippet:-1, max-image-preview:large, max-video-preview:-1\" \/>\n<link rel=\"canonical\" href=\"https:\/\/entwicklung.agvb.de\/?page_id=162\" \/>\n<meta property=\"og:locale\" content=\"de_DE\" \/>\n<meta property=\"og:type\" content=\"article\" \/>\n<meta property=\"og:title\" content=\"Behinderung - AGVB\" \/>\n<meta property=\"og:description\" content=\"Allgemeine Informationen ZBFS &#8211; Antrag auf Feststellung einer Behinderung Antr\u00e4ge der deutschen Rentenversicherung auf Erwerbsminderung Erg\u00e4nzende unabh\u00e4ngige Teilhabeberatung (EUTB) Ratgeber f\u00fcr Menschen mit Behinderungen in der EU Leitfaden &#8222;Service f\u00fcr [&hellip;]\" \/>\n<meta property=\"og:url\" content=\"https:\/\/entwicklung.agvb.de\/?page_id=162\" \/>\n<meta property=\"og:site_name\" content=\"AGVB\" \/>\n<meta property=\"article:modified_time\" content=\"2020-11-26T11:05:48+00:00\" \/>\n<meta name=\"twitter:card\" content=\"summary_large_image\" \/>\n<script type=\"application\/ld+json\" class=\"yoast-schema-graph\">{\"@context\":\"https:\/\/schema.org\",\"@graph\":[{\"@type\":\"WebSite\",\"@id\":\"https:\/\/entwicklung.agvb.de\/#website\",\"url\":\"https:\/\/entwicklung.agvb.de\/\",\"name\":\"AGVB\",\"description\":\"\",\"potentialAction\":[{\"@type\":\"SearchAction\",\"target\":\"https:\/\/entwicklung.agvb.de\/?s={search_term_string}\",\"query-input\":\"required name=search_term_string\"}],\"inLanguage\":\"de\"},{\"@type\":\"WebPage\",\"@id\":\"https:\/\/entwicklung.agvb.de\/?page_id=162#webpage\",\"url\":\"https:\/\/entwicklung.agvb.de\/?page_id=162\",\"name\":\"Behinderung - AGVB\",\"isPartOf\":{\"@id\":\"https:\/\/entwicklung.agvb.de\/#website\"},\"datePublished\":\"2020-06-29T07:51:48+00:00\",\"dateModified\":\"2020-11-26T11:05:48+00:00\",\"inLanguage\":\"de\",\"potentialAction\":[{\"@type\":\"ReadAction\",\"target\":[\"https:\/\/entwicklung.agvb.de\/?page_id=162\"]}]}]}<\/script>\n<!-- \/ Yoast SEO plugin. -->","_links":{"self":[{"href":"https:\/\/entwicklung.agvb.de\/index.php?rest_route=\/wp\/v2\/pages\/162"}],"collection":[{"href":"https:\/\/entwicklung.agvb.de\/index.php?rest_route=\/wp\/v2\/pages"}],"about":[{"href":"https:\/\/entwicklung.agvb.de\/index.php?rest_route=\/wp\/v2\/types\/page"}],"author":[{"embeddable":true,"href":"https:\/\/entwicklung.agvb.de\/index.php?rest_route=\/wp\/v2\/users\/1"}],"replies":[{"embeddable":true,"href":"https:\/\/entwicklung.agvb.de\/index.php?rest_route=%2Fwp%2Fv2%2Fcomments&post=162"}],"version-history":[{"count":19,"href":"https:\/\/entwicklung.agvb.de\/index.php?rest_route=\/wp\/v2\/pages\/162\/revisions"}],"predecessor-version":[{"id":1811,"href":"https:\/\/entwicklung.agvb.de\/index.php?rest_route=\/wp\/v2\/pages\/162\/revisions\/1811"}],"wp:attachment":[{"href":"https:\/\/entwicklung.agvb.de\/index.php?rest_route=%2Fwp%2Fv2%2Fmedia&parent=162"}],"curies":[{"name":"wp","href":"https:\/\/api.w.org\/{rel}","templated":true}]}}